{"id":4284,"date":"2023-02-16T11:07:19","date_gmt":"2023-02-16T10:07:19","guid":{"rendered":"https:\/\/boutique.vaniline.com\/?post_type=product&#038;p=4284"},"modified":"2023-02-16T11:14:15","modified_gmt":"2023-02-16T10:14:15","slug":"basiques-dhiver","status":"publish","type":"product","link":"https:\/\/boutique.vaniline.com\/index.php\/produit\/basiques-dhiver\/","title":{"rendered":"Basiques d&rsquo;hiver"},"content":{"rendered":"<p>Ce patron comprend l&rsquo;image du patron et le patron lui-m\u00eame \u00e0 t\u00e9l\u00e9charger tout de suite.<\/p>\n<p>Les explications sont en libre acc\u00e8s sur mon blog \u00ab\u00a0Ma p&rsquo;tite \u00e9cole de couture\u00a0\u00bb: <a href=\"http:\/\/poupeecouture.canalblog.com\/\" target=\"_blank\" rel=\"noopener noreferrer\">http:\/\/poupeecouture.canalblog.com\/<\/a><\/p>\n<p>Pattern only! explanations are on my blog in french :<a href=\"http:\/\/poupeecouture.canalblog.com\/\" target=\"_blank\" rel=\"noopener noreferrer\"> http:\/\/poupeecouture.canalblog.com\/<\/a><\/p>\n<p>&nbsp;<\/p>\n<p>Le patron permet de r\u00e9aliser des collants, un t-shirt manches longues col roul\u00e9 et une robe crois\u00e9e .<\/p>\n<p>Le patron convient aux Li&rsquo;l dreamer de Dianna Effner et aux Siblies de Ruby Red Galleria ( poup\u00e9es entre 29 et 31 cm)<\/p>\n","protected":false},"excerpt":{"rendered":"<p>Patron, tuto couture pour poup\u00e9e fines de 29 \u00e0 31 cm comme les Li&rsquo;l dreamer de Dianna Effner ou les Siblies de Ruby Red<br \/>\nCe mod\u00e8le permet de r\u00e9aliser une robe simple crois\u00e9e, un T-shirt manches longues col roul\u00e9 et des collants.<\/p>\n","protected":false},"featured_media":4286,"comment_status":"open","ping_status":"closed","template":"","meta":[],"product_brand":[],"product_cat":[16,34],"product_tag":[],"class_list":{"0":"post-4284","1":"product","2":"type-product","3":"status-publish","4":"has-post-thumbnail","6":"product_cat-patrons","7":"product_cat-poupees-29-31","9":"first","10":"instock","11":"downloadable","12":"virtual","13":"purchasable","14":"product-type-simple"},"jetpack_sharing_enabled":true,"_links":{"self":[{"href":"https:\/\/boutique.vaniline.com\/index.php\/wp-json\/wp\/v2\/product\/4284","targetHints":{"allow":["GET"]}}],"collection":[{"href":"https:\/\/boutique.vaniline.com\/index.php\/wp-json\/wp\/v2\/product"}],"about":[{"href":"https:\/\/boutique.vaniline.com\/index.php\/wp-json\/wp\/v2\/types\/product"}],"replies":[{"embeddable":true,"href":"https:\/\/boutique.vaniline.com\/index.php\/wp-json\/wp\/v2\/comments?post=4284"}],"wp:featuredmedia":[{"embeddable":true,"href":"https:\/\/boutique.vaniline.com\/index.php\/wp-json\/wp\/v2\/media\/4286"}],"wp:attachment":[{"href":"https:\/\/boutique.vaniline.com\/index.php\/wp-json\/wp\/v2\/media?parent=4284"}],"wp:term":[{"taxonomy":"product_brand","embeddable":true,"href":"https:\/\/boutique.vaniline.com\/index.php\/wp-json\/wp\/v2\/product_brand?post=4284"},{"taxonomy":"product_cat","embeddable":true,"href":"https:\/\/boutique.vaniline.com\/index.php\/wp-json\/wp\/v2\/product_cat?post=4284"},{"taxonomy":"product_tag","embeddable":true,"href":"https:\/\/boutique.vaniline.com\/index.php\/wp-json\/wp\/v2\/product_tag?post=4284"}],"curies":[{"name":"wp","href":"https:\/\/api.w.org\/{rel}","templated":true}]}}