{"id":5770,"date":"2024-06-18T10:24:13","date_gmt":"2024-06-18T08:24:13","guid":{"rendered":"https:\/\/boutique.vaniline.com\/?post_type=product&#038;p=5770"},"modified":"2024-06-20T17:35:03","modified_gmt":"2024-06-20T15:35:03","slug":"collection-ete-2024-pour-yella-de-schildkrot-sweety","status":"publish","type":"product","link":"https:\/\/boutique.vaniline.com\/index.php\/produit\/collection-ete-2024-pour-yella-de-schildkrot-sweety\/","title":{"rendered":"Collection \u00e9t\u00e9 2024 pour Yella de Schildkr\u00f6t- Sweety"},"content":{"rendered":"<p>Blouse en voile de coton jaune et Liberty<\/p>\n<p>Jupe culotte en coton<\/p>\n","protected":false},"excerpt":{"rendered":"<p>Blouse et jupe culotte pour Yella<\/p>\n","protected":false},"featured_media":5771,"comment_status":"open","ping_status":"closed","template":"","meta":[],"class_list":{"0":"post-5770","1":"product","2":"type-product","3":"status-publish","4":"has-post-thumbnail","6":"product_cat-vetements","7":"product_cat-yella","9":"first","10":"outofstock","11":"shipping-taxable","12":"purchasable","13":"product-type-simple"},"jetpack_sharing_enabled":true,"_links":{"self":[{"href":"https:\/\/boutique.vaniline.com\/index.php\/wp-json\/wp\/v2\/product\/5770","targetHints":{"allow":["GET"]}}],"collection":[{"href":"https:\/\/boutique.vaniline.com\/index.php\/wp-json\/wp\/v2\/product"}],"about":[{"href":"https:\/\/boutique.vaniline.com\/index.php\/wp-json\/wp\/v2\/types\/product"}],"replies":[{"embeddable":true,"href":"https:\/\/boutique.vaniline.com\/index.php\/wp-json\/wp\/v2\/comments?post=5770"}],"wp:featuredmedia":[{"embeddable":true,"href":"https:\/\/boutique.vaniline.com\/index.php\/wp-json\/wp\/v2\/media\/5771"}],"wp:attachment":[{"href":"https:\/\/boutique.vaniline.com\/index.php\/wp-json\/wp\/v2\/media?parent=5770"}],"curies":[{"name":"wp","href":"https:\/\/api.w.org\/{rel}","templated":true}]}}