{"id":5779,"date":"2024-06-18T10:31:45","date_gmt":"2024-06-18T08:31:45","guid":{"rendered":"https:\/\/boutique.vaniline.com\/?post_type=product&#038;p=5779"},"modified":"2025-10-29T13:49:05","modified_gmt":"2025-10-29T12:49:05","slug":"collection-ete-2024-pour-starlette-petitcollin-adele","status":"publish","type":"product","link":"https:\/\/boutique.vaniline.com\/index.php\/produit\/collection-ete-2024-pour-starlette-petitcollin-adele\/","title":{"rendered":"Collection \u00e9t\u00e9 2024 pour Starlette Petitcollin- Ad\u00e8le"},"content":{"rendered":"<p>Blouse en coton blanc et Liberty<\/p>\n<p>Jupe culotte ray\u00e9e<\/p>\n<p>bandeau assorti<\/p>\n","protected":false},"excerpt":{"rendered":"<p>Ensemble \u00e9t\u00e9 2024 pour Starlette -Ad\u00e8le<\/p>\n","protected":false},"featured_media":5785,"comment_status":"open","ping_status":"closed","template":"","meta":[],"class_list":{"0":"post-5779","1":"product","2":"type-product","3":"status-publish","4":"has-post-thumbnail","6":"product_cat-finouches-et-starlettes-petitcollin","7":"product_cat-vetements","9":"first","10":"outofstock","11":"shipping-taxable","12":"purchasable","13":"product-type-simple"},"jetpack_sharing_enabled":true,"_links":{"self":[{"href":"https:\/\/boutique.vaniline.com\/index.php\/wp-json\/wp\/v2\/product\/5779","targetHints":{"allow":["GET"]}}],"collection":[{"href":"https:\/\/boutique.vaniline.com\/index.php\/wp-json\/wp\/v2\/product"}],"about":[{"href":"https:\/\/boutique.vaniline.com\/index.php\/wp-json\/wp\/v2\/types\/product"}],"replies":[{"embeddable":true,"href":"https:\/\/boutique.vaniline.com\/index.php\/wp-json\/wp\/v2\/comments?post=5779"}],"wp:featuredmedia":[{"embeddable":true,"href":"https:\/\/boutique.vaniline.com\/index.php\/wp-json\/wp\/v2\/media\/5785"}],"wp:attachment":[{"href":"https:\/\/boutique.vaniline.com\/index.php\/wp-json\/wp\/v2\/media?parent=5779"}],"curies":[{"name":"wp","href":"https:\/\/api.w.org\/{rel}","templated":true}]}}