{"id":6334,"date":"2024-12-17T08:32:31","date_gmt":"2024-12-17T07:32:31","guid":{"rendered":"https:\/\/boutique.vaniline.com\/?post_type=product&#038;p=6334"},"modified":"2026-04-06T16:02:06","modified_gmt":"2026-04-06T14:02:06","slug":"gilet-vert-pour-gotz-45cm-ou-meadowdolls-bb","status":"publish","type":"product","link":"https:\/\/boutique.vaniline.com\/index.php\/produit\/gilet-vert-pour-gotz-45cm-ou-meadowdolls-bb\/","title":{"rendered":"Gilet vert pour G\u00f6tz 45cm ou meadowdolls BB"},"content":{"rendered":"<p>Gilet tricot\u00e9 vert fonc\u00e9, avec torsades<\/p>\n","protected":false},"excerpt":{"rendered":"<p>Gilet tricot\u00e9 vert fonc\u00e9<\/p>\n","protected":false},"featured_media":6335,"comment_status":"open","ping_status":"closed","template":"","meta":[],"product_brand":[],"product_cat":[38,37,17],"product_tag":[],"class_list":{"0":"post-6334","1":"product","2":"type-product","3":"status-publish","4":"has-post-thumbnail","6":"product_cat-gotz","7":"product_cat-grandes-meadows","8":"product_cat-vetements","10":"first","11":"outofstock","12":"shipping-taxable","13":"purchasable","14":"product-type-simple"},"jetpack_sharing_enabled":true,"_links":{"self":[{"href":"https:\/\/boutique.vaniline.com\/index.php\/wp-json\/wp\/v2\/product\/6334","targetHints":{"allow":["GET"]}}],"collection":[{"href":"https:\/\/boutique.vaniline.com\/index.php\/wp-json\/wp\/v2\/product"}],"about":[{"href":"https:\/\/boutique.vaniline.com\/index.php\/wp-json\/wp\/v2\/types\/product"}],"replies":[{"embeddable":true,"href":"https:\/\/boutique.vaniline.com\/index.php\/wp-json\/wp\/v2\/comments?post=6334"}],"wp:featuredmedia":[{"embeddable":true,"href":"https:\/\/boutique.vaniline.com\/index.php\/wp-json\/wp\/v2\/media\/6335"}],"wp:attachment":[{"href":"https:\/\/boutique.vaniline.com\/index.php\/wp-json\/wp\/v2\/media?parent=6334"}],"wp:term":[{"taxonomy":"product_brand","embeddable":true,"href":"https:\/\/boutique.vaniline.com\/index.php\/wp-json\/wp\/v2\/product_brand?post=6334"},{"taxonomy":"product_cat","embeddable":true,"href":"https:\/\/boutique.vaniline.com\/index.php\/wp-json\/wp\/v2\/product_cat?post=6334"},{"taxonomy":"product_tag","embeddable":true,"href":"https:\/\/boutique.vaniline.com\/index.php\/wp-json\/wp\/v2\/product_tag?post=6334"}],"curies":[{"name":"wp","href":"https:\/\/api.w.org\/{rel}","templated":true}]}}