{"id":7500,"date":"2026-02-16T11:28:49","date_gmt":"2026-02-16T10:28:49","guid":{"rendered":"https:\/\/boutique.vaniline.com\/?post_type=product&#038;p=7500"},"modified":"2026-04-06T16:01:58","modified_gmt":"2026-04-06T14:01:58","slug":"fevrier-en-rose-bonbon-poncho-pour-fashion-friends","status":"publish","type":"product","link":"https:\/\/boutique.vaniline.com\/index.php\/produit\/fevrier-en-rose-bonbon-poncho-pour-fashion-friends\/","title":{"rendered":"F\u00e9vrier en rose bonbon &#8211; Poncho pour Fashion Friends"},"content":{"rendered":"<p>Poncho rose tricot\u00e9 assorti \u00e0 la collection de F\u00e9vrier 2026<\/p>\n","protected":false},"excerpt":{"rendered":"<p>F\u00e9vrier en rose bonbon- poncho pour fashion Friends<\/p>\n","protected":false},"featured_media":7501,"comment_status":"open","ping_status":"closed","template":"","meta":[],"product_brand":[],"product_cat":[45,17],"product_tag":[],"class_list":{"0":"post-7500","1":"product","2":"type-product","3":"status-publish","4":"has-post-thumbnail","6":"product_cat-fashion-friends-vetements","7":"product_cat-vetements","9":"first","10":"outofstock","11":"shipping-taxable","12":"purchasable","13":"product-type-simple"},"jetpack_sharing_enabled":true,"_links":{"self":[{"href":"https:\/\/boutique.vaniline.com\/index.php\/wp-json\/wp\/v2\/product\/7500","targetHints":{"allow":["GET"]}}],"collection":[{"href":"https:\/\/boutique.vaniline.com\/index.php\/wp-json\/wp\/v2\/product"}],"about":[{"href":"https:\/\/boutique.vaniline.com\/index.php\/wp-json\/wp\/v2\/types\/product"}],"replies":[{"embeddable":true,"href":"https:\/\/boutique.vaniline.com\/index.php\/wp-json\/wp\/v2\/comments?post=7500"}],"wp:featuredmedia":[{"embeddable":true,"href":"https:\/\/boutique.vaniline.com\/index.php\/wp-json\/wp\/v2\/media\/7501"}],"wp:attachment":[{"href":"https:\/\/boutique.vaniline.com\/index.php\/wp-json\/wp\/v2\/media?parent=7500"}],"wp:term":[{"taxonomy":"product_brand","embeddable":true,"href":"https:\/\/boutique.vaniline.com\/index.php\/wp-json\/wp\/v2\/product_brand?post=7500"},{"taxonomy":"product_cat","embeddable":true,"href":"https:\/\/boutique.vaniline.com\/index.php\/wp-json\/wp\/v2\/product_cat?post=7500"},{"taxonomy":"product_tag","embeddable":true,"href":"https:\/\/boutique.vaniline.com\/index.php\/wp-json\/wp\/v2\/product_tag?post=7500"}],"curies":[{"name":"wp","href":"https:\/\/api.w.org\/{rel}","templated":true}]}}